{"id":2258,"date":"2018-11-26T15:05:55","date_gmt":"2018-11-26T15:05:55","guid":{"rendered":"https:\/\/hofmann-aluminium.de\/?page_id=2258"},"modified":"2019-02-26T15:58:19","modified_gmt":"2019-02-26T15:58:19","slug":"philosophie","status":"publish","type":"page","link":"https:\/\/hofmann-aluminium.de\/index.php\/philosophie\/","title":{"rendered":"Philosophie"},"content":{"rendered":"<div class=\"wpb-content-wrapper\"><p>[vc_row css=&#8220;.vc_custom_1543912372757{margin-top: -70px !important;}&#8220;][vc_column][vc_custom_heading text=&#8220;Nehmen Sie\u2019s leicht \u2013 nehmen Sie Aluminium&#8220; font_container=&#8220;tag:h3|text_align:left&#8220; google_fonts=&#8220;font_family:Arimo%3Aregular%2Citalic%2C700%2C700italic|font_style:400%20regular%3A400%3Anormal&#8220;][vc_separator][vc_row_inner][vc_column_inner width=&#8220;2\/3&#8243;][vc_column_text]Aluminium ist ein Leichtmetall, das 1825 von dem D\u00e4nen Hans Christian \u00d8rsted dargestellt wurde. Es ist das am h\u00e4ufigsten verwendete Metall \u2013 praktischerweise steht es beim Vorkommen in der Erdkruste an dritter Stelle, sodass stets reichlich davon vorhanden ist.<\/p>\n<p>Aluminium wird in den verschiedensten Branchen und f\u00fcr die unterschiedlichsten Produkte verwendet. Sie finden Aluminium in Rollst\u00fchlen, Fahrr\u00e4dern, Gartenger\u00e4ten oder auch in Pumpen. Es ist vielseitig einsetzbar.[\/vc_column_text][\/vc_column_inner][vc_column_inner width=&#8220;1\/3&#8243;][vc_single_image image=&#8220;2462&#8243; img_size=&#8220;full&#8220;][\/vc_column_inner][\/vc_row_inner][\/vc_column][\/vc_row][vc_row css=&#8220;.vc_custom_1543913990635{margin-top: -120px !important;}&#8220;][vc_column][vc_custom_heading text=&#8220;Wir nehmen\u2019s leicht \u2013 wir nehmen Aluminium&#8220; font_container=&#8220;tag:h3|text_align:left&#8220; google_fonts=&#8220;font_family:Arimo%3Aregular%2Citalic%2C700%2C700italic|font_style:400%20regular%3A400%3Anormal&#8220;][vc_separator][vc_row_inner][vc_column_inner width=&#8220;1\/4&#8243;][vc_single_image image=&#8220;2451&#8243; img_size=&#8220;full&#8220;][\/vc_column_inner][vc_column_inner width=&#8220;3\/4&#8243;][vc_column_text]Um unseren Anspruch, Kundenw\u00fcnsche zu ihrer h\u00f6chsten Zufriedenheit zu erf\u00fcllen, nutzen wir Aluminium zur Herstellung der unterschiedlichsten Produkte. Aluminium hat n\u00e4mlich viele Vorteile: es ist zeitgleich <strong>stabil<\/strong> und <strong>leicht<\/strong>, es besitzt eine <strong>gute Leitf\u00e4higkeit<\/strong> \u2013 weshalb es gerne auch in der Elektroindustrie verwendet wird. Zudem ist es <strong>einfach zu formen<\/strong>, was eine Vielfalt an Formen und Gr\u00f6\u00dfen erm\u00f6glicht. Wenn Sie diesbez\u00fcglich einen besonderen Wunsch haben, schauen Sie doch bei unseren <a href=\"https:\/\/hofmann-aluminium.de\/index.php\/gesenk-und-freiformschmiedeteile\/\">Gesenk- und Freiformschmiedeteilen<\/a> vorbei.<\/p>\n<p>Neben <strong>hervorragender Qualit\u00e4t<\/strong> setzen wir auf <strong>langfristige Kundenbeziehungen<\/strong> und einen <strong>freundschaftlichen Kontakt<\/strong> zu unseren Kunden. Nur so k\u00f6nnen wir die genauen Anforderungen erkennen und kompetent beraten. Wir verschaffen uns einen kompletten \u00dcberblick \u00fcber die Bed\u00fcrfnisse unserer Kunden, <strong>wir sehen das Ganze.<\/strong><\/p>\n<p>Auch zu unseren Lieferanten pflegen wir ein enges Verh\u00e4ltnis. Unsere Zusammenarbeit ist stets gepr\u00e4gt von <strong>Vertrauen<\/strong> und <strong>guter Kommunikation.<\/strong><\/p>\n<p>Somit sind Sie bei uns in besten H\u00e4nden. Was immer Sie f\u00fcr Ihr Unternehmen ben\u00f6tigen: <strong>mit Aluminium schaffen wir das \u2013 flexibel, sicher und leicht!<\/strong>[\/vc_column_text][\/vc_column_inner][\/vc_row_inner][\/vc_column][\/vc_row]<\/p>\n<\/div>","protected":false},"excerpt":{"rendered":"<p>[vc_row css=&#8220;.vc_custom_1543912372757{margin-top: -70px !important;}&#8220;][vc_column][vc_custom_heading text=&#8220;Nehmen Sie\u2019s leicht \u2013 nehmen Sie Aluminium&#8220; font_container=&#8220;tag:h3|text_align:left&#8220; google_fonts=&#8220;font_family:Arimo%3Aregular%2Citalic%2C700%2C700italic|font_style:400%20regular%3A400%3Anormal&#8220;][vc_separator][vc_row_inner][vc_column_inner width=&#8220;2\/3&#8243;][vc_column_text]Aluminium ist ein Leichtmetall, das 1825 von dem D\u00e4nen Hans Christian \u00d8rsted dargestellt wurde. Es ist das&#8230;<\/p>\n","protected":false},"author":2,"featured_media":0,"parent":0,"menu_order":0,"comment_status":"closed","ping_status":"closed","template":"","meta":{"footnotes":""},"class_list":["post-2258","page","type-page","status-publish","hentry"],"_links":{"self":[{"href":"https:\/\/hofmann-aluminium.de\/index.php\/wp-json\/wp\/v2\/pages\/2258","targetHints":{"allow":["GET"]}}],"collection":[{"href":"https:\/\/hofmann-aluminium.de\/index.php\/wp-json\/wp\/v2\/pages"}],"about":[{"href":"https:\/\/hofmann-aluminium.de\/index.php\/wp-json\/wp\/v2\/types\/page"}],"author":[{"embeddable":true,"href":"https:\/\/hofmann-aluminium.de\/index.php\/wp-json\/wp\/v2\/users\/2"}],"replies":[{"embeddable":true,"href":"https:\/\/hofmann-aluminium.de\/index.php\/wp-json\/wp\/v2\/comments?post=2258"}],"version-history":[{"count":10,"href":"https:\/\/hofmann-aluminium.de\/index.php\/wp-json\/wp\/v2\/pages\/2258\/revisions"}],"predecessor-version":[{"id":2499,"href":"https:\/\/hofmann-aluminium.de\/index.php\/wp-json\/wp\/v2\/pages\/2258\/revisions\/2499"}],"wp:attachment":[{"href":"https:\/\/hofmann-aluminium.de\/index.php\/wp-json\/wp\/v2\/media?parent=2258"}],"curies":[{"name":"wp","href":"https:\/\/api.w.org\/{rel}","templated":true}]}}