{"id":1881,"date":"2018-11-01T12:56:06","date_gmt":"2018-11-01T12:56:06","guid":{"rendered":"https:\/\/hofmann-aluminium.de\/?page_id=1881"},"modified":"2018-11-19T08:57:33","modified_gmt":"2018-11-19T08:57:33","slug":"kaltfliesspressteile","status":"publish","type":"page","link":"https:\/\/hofmann-aluminium.de\/index.php\/kaltfliesspressteile\/","title":{"rendered":"Kaltflie\u00dfpressteile"},"content":{"rendered":"<div class=\"wpb-content-wrapper\"><p>[vc_row css=&#8220;.vc_custom_1541519032348{margin-top: -150px !important;}&#8220;][vc_column][rev_slider_vc alias=&#8220;kaltfliesspress&#8220;][\/vc_column][\/vc_row][vc_row css=&#8220;.vc_custom_1541600371404{margin-top: -80px !important;}&#8220;][vc_column][vc_custom_heading text=&#8220;Kaltflie\u00dfpre\u00dfteile&#8220; font_container=&#8220;tag:h3|text_align:left&#8220; google_fonts=&#8220;font_family:Arimo%3Aregular%2Citalic%2C700%2C700italic|font_style:400%20regular%3A400%3Anormal&#8220;][vc_separator][vc_column_text]Aluminiumkaltflie\u00dfpressteile sind durch Kaltumformung hergestellte Hohl- und Vollk\u00f6rper, die vorwiegend in rotationssymmetrischer Form aber auch mit ovalen bis zu rechteckigen Grundfl\u00e4chen herstellbar sind.<\/p>\n<p><strong>folgende Abmessungsbereiche sind m\u00f6glich:<\/strong><\/p>\n<ul>\n<li>Durchmesser 10-150mm<\/li>\n<li>Rechteckseiten 10-110mm<\/li>\n<li>Wandst\u00e4rken 0,5-12mm<\/li>\n<li>Teilel\u00e4ngen 10-280mm<\/li>\n<\/ul>\n<p>abgestreckt bis 500mm<br \/>\nGewicht 5-1000g<\/p>\n<p>Andere Abmessungen auf Anfrage.<\/p>\n<p><strong>Durch vorw\u00e4rts, r\u00fcckw\u00e4rts, sowie kombiniertes Flie\u00dfpressen ist folgendes Formenspektrum m\u00f6glich:<\/strong><\/p>\n<ul>\n<li style=\"list-style-type: none;\">\n<ul>\n<li>Teile mit axialsymmetrischen Querschnitten, auch mit Flansch<\/li>\n<li>Teile mit rechteckigem Querschnitten. Hierbei sollte das Verh\u00e4ltnis von L\u00e4nge zu Breite 5:1 nicht \u00fcberschreiten.<\/li>\n<li>Teile mit unsymmetrischen Querschnitten; nur in bestimmten Toleranzgrenzen herstellbar<\/li>\n<\/ul>\n<\/li>\n<\/ul>\n<p>Mechanische Bearbeitung:<br \/>\nkomplexe CNC-gesteuerte Weiterverarbeitung bis zu einbaufertigen Teilen.[\/vc_column_text][\/vc_column][\/vc_row]<\/p>\n<\/div>","protected":false},"excerpt":{"rendered":"<p>[vc_row css=&#8220;.vc_custom_1541519032348{margin-top: -150px !important;}&#8220;][vc_column][rev_slider_vc alias=&#8220;kaltfliesspress&#8220;][\/vc_column][\/vc_row][vc_row css=&#8220;.vc_custom_1541600371404{margin-top: -80px !important;}&#8220;][vc_column][vc_custom_heading text=&#8220;Kaltflie\u00dfpre\u00dfteile&#8220; font_container=&#8220;tag:h3|text_align:left&#8220; google_fonts=&#8220;font_family:Arimo%3Aregular%2Citalic%2C700%2C700italic|font_style:400%20regular%3A400%3Anormal&#8220;][vc_separator][vc_column_text]Aluminiumkaltflie\u00dfpressteile sind durch Kaltumformung hergestellte Hohl- und Vollk\u00f6rper, die vorwiegend in rotationssymmetrischer Form aber auch mit ovalen bis zu rechteckigen&#8230;<\/p>\n","protected":false},"author":2,"featured_media":0,"parent":0,"menu_order":0,"comment_status":"closed","ping_status":"closed","template":"","meta":{"footnotes":""},"class_list":["post-1881","page","type-page","status-publish","hentry"],"_links":{"self":[{"href":"https:\/\/hofmann-aluminium.de\/index.php\/wp-json\/wp\/v2\/pages\/1881","targetHints":{"allow":["GET"]}}],"collection":[{"href":"https:\/\/hofmann-aluminium.de\/index.php\/wp-json\/wp\/v2\/pages"}],"about":[{"href":"https:\/\/hofmann-aluminium.de\/index.php\/wp-json\/wp\/v2\/types\/page"}],"author":[{"embeddable":true,"href":"https:\/\/hofmann-aluminium.de\/index.php\/wp-json\/wp\/v2\/users\/2"}],"replies":[{"embeddable":true,"href":"https:\/\/hofmann-aluminium.de\/index.php\/wp-json\/wp\/v2\/comments?post=1881"}],"version-history":[{"count":4,"href":"https:\/\/hofmann-aluminium.de\/index.php\/wp-json\/wp\/v2\/pages\/1881\/revisions"}],"predecessor-version":[{"id":2202,"href":"https:\/\/hofmann-aluminium.de\/index.php\/wp-json\/wp\/v2\/pages\/1881\/revisions\/2202"}],"wp:attachment":[{"href":"https:\/\/hofmann-aluminium.de\/index.php\/wp-json\/wp\/v2\/media?parent=1881"}],"curies":[{"name":"wp","href":"https:\/\/api.w.org\/{rel}","templated":true}]}}