{"id":1877,"date":"2018-11-01T12:55:34","date_gmt":"2018-11-01T12:55:34","guid":{"rendered":"https:\/\/hofmann-aluminium.de\/?page_id=1877"},"modified":"2019-02-25T15:58:57","modified_gmt":"2019-02-25T15:58:57","slug":"strangpressprodukte","status":"publish","type":"page","link":"https:\/\/hofmann-aluminium.de\/index.php\/strangpressprodukte\/","title":{"rendered":"Strangpressprodukte"},"content":{"rendered":"<div class=\"wpb-content-wrapper\"><p>[vc_row css=&#8220;.vc_custom_1541519032348{margin-top: -150px !important;}&#8220;][vc_column][rev_slider_vc alias=&#8220;strangpress&#8220;][\/vc_column][\/vc_row][vc_row css=&#8220;.vc_custom_1541600371404{margin-top: -80px !important;}&#8220;][vc_column][vc_custom_heading text=&#8220;Lieferprogramm: Strangpressprofile, -Rohre, -Stangen und -Dr\u00e4hte&#8220; font_container=&#8220;tag:h3|text_align:left&#8220; google_fonts=&#8220;font_family:Arimo%3Aregular%2Citalic%2C700%2C700italic|font_style:400%20regular%3A400%3Anormal&#8220;][vc_separator][\/vc_column][\/vc_row][vc_row full_width=&#8220;stretch_row_content&#8220; css=&#8220;.vc_custom_1542297452375{background-color: #861a22 !important;}&#8220;][vc_column width=&#8220;1\/4&#8243;][vc_column_text css=&#8220;.vc_custom_1542361538699{padding-left: 150px !important;}&#8220;]<\/p>\n<h5><a href=\"#profil\"><span style=\"color: #ffffff;\"><b>Strangpressprofile<\/b><\/span><\/a><\/h5>\n<p>[\/vc_column_text][\/vc_column][vc_column width=&#8220;1\/4&#8243;][vc_column_text css=&#8220;.vc_custom_1542361665950{padding-right: 40px !important;}&#8220;]<\/p>\n<h5><a href=\"#oberfl\u00e4che\"><span style=\"color: #ffffff;\"><b>Bearbeitung und Veredlung &#8211; <\/b><\/span><span style=\"color: #ffffff;\"><b>Oberfl\u00e4chenbehandlung<\/b><\/span><\/a><\/h5>\n<p>[\/vc_column_text][\/vc_column][vc_column width=&#8220;1\/4&#8243;][vc_column_text]<\/p>\n<h5><a href=\"#bearbeitung\"><span style=\"color: #ffffff;\"><b>Bearbeitung und Veredlung<\/b> &#8211; <b>Mechanische Bearbeitung<\/b><\/span><\/a><\/h5>\n<p>[\/vc_column_text][\/vc_column][vc_column width=&#8220;1\/4&#8243;][vc_column_text]<\/p>\n<h5><a href=\"#Legierungen\"><span style=\"color: #ffffff;\"><b>Legierungen<\/b> &#8211; <b>Mechanische Bearbeitung<\/b><\/span><\/a><\/h5>\n<p>[\/vc_column_text][\/vc_column][\/vc_row][vc_row el_id=&#8220;profil&#8220;][vc_column][vc_custom_heading text=&#8220;Strangpressprofile&#8220; font_container=&#8220;tag:h3|text_align:left&#8220; google_fonts=&#8220;font_family:Arimo%3Aregular%2Citalic%2C700%2C700italic|font_style:400%20regular%3A400%3Anormal&#8220;][vc_separator][vc_row_inner][vc_column_inner width=&#8220;2\/3&#8243;][vc_column_text]Strangpressprofile sind lieferbar in den Querschnitt-Fl\u00e4chen von 10-25.000mm\u00b2, entsprechend maximal 70kg\/m z.T bis ca. 50.000mm\u00b2, abh\u00e4ngig von Form und Werkstoff. Querschnitt-Grenzen bis 500mm \u00d8 des umschriebenen Kreises oder Rechteck 670x150mm.<\/p>\n<p>Herstelll\u00e4ngen: 2-7m<br \/>\nFestl\u00e4ngen bis 16mFormen<\/p>\n<p>A &#8211; Offene Profile, Vollprofile (einschlie\u00dflich Flachstangen)<br \/>\nB &#8211; Zwei- oder mehrachsig symmetrische Hohlprofile, Formrohre und Halbhohlprofile.<br \/>\nC &#8211; Einachsig symmetrische oder unsymmetrische Hohlprofile und Halbhohlprofile sowie Profile mit mehreren Hohlr\u00e4umen.[\/vc_column_text][vc_column_text]<\/p>\n<ul>\n<li><b>Rohre<\/b><br \/>\nKammergepre\u00dfte und \u00fcber Dorn gepre\u00dfte und gezogene Rohre.<\/li>\n<li><b>Stangen<\/b><br \/>\nStangen in gepre\u00dfter und gezogener Ausf\u00fchrung.<\/li>\n<li><strong>Formen<\/strong> :<br \/>\n&#8211; <strong>rund <\/strong> (von 2-120mm \u00d8 gezogen, 8-250mm gepre\u00dft)<br \/>\n&#8211; <strong>vierkant <\/strong> (2-85mm Seitenl\u00e4nge gezogen, 6-225mm gepre\u00dft)<br \/>\n&#8211; <strong>sechskant <\/strong> (4-80mm Schl\u00fcsselweite gezogen, 6-180 gepre\u00dft)<br \/>\n&#8211; <strong>flach <\/strong> (bis 180x85mm Aussenma\u00df gezogen, 2,5-670mm Breite gepre\u00dft)<\/li>\n<li><b>Dr\u00e4hte<\/b><br \/>\nRunddraht in gestreckten L\u00e4ngen von 2-22mm \u00d8 . Draht im Ring: 2-10mm \u00d8. Flachdr\u00e4hte gezogen 2&#215;0,6mm &#8211; 12x4mm.<\/li>\n<\/ul>\n<p>[\/vc_column_text][\/vc_column_inner][vc_column_inner width=&#8220;1\/3&#8243;][vc_gallery interval=&#8220;3&#8243; images=&#8220;2446,2450,2454,2463&#8243; img_size=&#8220;full&#8220;][\/vc_column_inner][\/vc_row_inner][\/vc_column][\/vc_row][vc_row css=&#8220;.vc_custom_1542361398723{margin-top: -80px !important;}&#8220; el_id=&#8220;oberfl\u00e4che&#8220;][vc_column][vc_custom_heading text=&#8220;Bearbeitung und Veredlung \u2013 Oberfl\u00e4chenbehandlung&#8220; font_container=&#8220;tag:h3|text_align:left&#8220; google_fonts=&#8220;font_family:Arimo%3Aregular%2Citalic%2C700%2C700italic|font_style:400%20regular%3A400%3Anormal&#8220;][vc_separator][vc_column_text]<b>Oberfl\u00e4chenbehandlung<\/b><\/p>\n<ul>\n<li><strong>Vorbehandlung<\/strong><br \/>\nSchleifen, B\u00fcrsten, Polieren, Mikrolieren, Strahlen<\/li>\n<li><strong>Chemische Vorbehandlung<\/strong><br \/>\nGlanzieren, Matt beitzen<\/li>\n<li><strong>Chromatieren \/ Phosphatieren<\/strong><\/li>\n<li><strong>Eloxieren<\/strong><br \/>\ntechnisches Eloxieren, einf\u00e4rben<\/li>\n<li><strong>Pulverbeschichten<\/strong><\/li>\n<li><strong>Bedrucken \/ Folieren<\/strong><\/li>\n<\/ul>\n<p>[\/vc_column_text][\/vc_column][\/vc_row][vc_row css=&#8220;.vc_custom_1542361412610{margin-top: -80px !important;}&#8220; el_id=&#8220;bearbeitung&#8220;][vc_column][vc_custom_heading text=&#8220;Bearbeitung und Veredlung \u2013 Mechanische Bearbeitung&#8220; font_container=&#8220;tag:h3|text_align:left&#8220; google_fonts=&#8220;font_family:Arimo%3Aregular%2Citalic%2C700%2C700italic|font_style:400%20regular%3A400%3Anormal&#8220;][vc_separator][vc_column_text]<\/p>\n<ul>\n<li>Bohren \/ Tieflochbohren<\/li>\n<li>Fr\u00e4sen<\/li>\n<li>Stanzen<\/li>\n<li>S\u00e4gen<\/li>\n<li>Gewinde schneiden<\/li>\n<li>Biegen<\/li>\n<li>CNC Bearbeitung bis 2000mm L\u00e4nge<\/li>\n<li>Hohnen<\/li>\n<li>B\u00fcrsten\/Entgraten<\/li>\n<\/ul>\n<p>[\/vc_column_text][\/vc_column][\/vc_row][vc_row css=&#8220;.vc_custom_1549293600693{margin-top: -80px !important;}&#8220; el_id=&#8220;Legierungen&#8220;][vc_column][vc_custom_heading text=&#8220;Legierungen&#8220; font_container=&#8220;tag:h3|text_align:left&#8220; google_fonts=&#8220;font_family:Arimo%3Aregular%2Citalic%2C700%2C700italic|font_style:400%20regular%3A400%3Anormal&#8220;][vc_separator][vc_column_text]EN AW 6060 \/ 6005A (6063) \/ 6061 \/ 6082 \/ 7020<\/p>\n<p>Weitere Legierungen auf <a href=\"https:\/\/hofmann-aluminium.de\/index.php\/kontakt\/\">Anfrage<\/a>.[\/vc_column_text][\/vc_column][\/vc_row]<\/p>\n<\/div>","protected":false},"excerpt":{"rendered":"<p>[vc_row css=&#8220;.vc_custom_1541519032348{margin-top: -150px !important;}&#8220;][vc_column][rev_slider_vc alias=&#8220;strangpress&#8220;][\/vc_column][\/vc_row][vc_row css=&#8220;.vc_custom_1541600371404{margin-top: -80px !important;}&#8220;][vc_column][vc_custom_heading text=&#8220;Lieferprogramm: Strangpressprofile, -Rohre, -Stangen und -Dr\u00e4hte&#8220; font_container=&#8220;tag:h3|text_align:left&#8220; google_fonts=&#8220;font_family:Arimo%3Aregular%2Citalic%2C700%2C700italic|font_style:400%20regular%3A400%3Anormal&#8220;][vc_separator][\/vc_column][\/vc_row][vc_row full_width=&#8220;stretch_row_content&#8220; css=&#8220;.vc_custom_1542297452375{background-color: #861a22 !important;}&#8220;][vc_column width=&#8220;1\/4&#8243;][vc_column_text css=&#8220;.vc_custom_1542361538699{padding-left: 150px !important;}&#8220;] Strangpressprofile [\/vc_column_text][\/vc_column][vc_column width=&#8220;1\/4&#8243;][vc_column_text css=&#8220;.vc_custom_1542361665950{padding-right: 40px !important;}&#8220;]&#8230;<\/p>\n","protected":false},"author":2,"featured_media":0,"parent":0,"menu_order":0,"comment_status":"closed","ping_status":"closed","template":"","meta":{"footnotes":""},"class_list":["post-1877","page","type-page","status-publish","hentry"],"_links":{"self":[{"href":"https:\/\/hofmann-aluminium.de\/index.php\/wp-json\/wp\/v2\/pages\/1877","targetHints":{"allow":["GET"]}}],"collection":[{"href":"https:\/\/hofmann-aluminium.de\/index.php\/wp-json\/wp\/v2\/pages"}],"about":[{"href":"https:\/\/hofmann-aluminium.de\/index.php\/wp-json\/wp\/v2\/types\/page"}],"author":[{"embeddable":true,"href":"https:\/\/hofmann-aluminium.de\/index.php\/wp-json\/wp\/v2\/users\/2"}],"replies":[{"embeddable":true,"href":"https:\/\/hofmann-aluminium.de\/index.php\/wp-json\/wp\/v2\/comments?post=1877"}],"version-history":[{"count":15,"href":"https:\/\/hofmann-aluminium.de\/index.php\/wp-json\/wp\/v2\/pages\/1877\/revisions"}],"predecessor-version":[{"id":2482,"href":"https:\/\/hofmann-aluminium.de\/index.php\/wp-json\/wp\/v2\/pages\/1877\/revisions\/2482"}],"wp:attachment":[{"href":"https:\/\/hofmann-aluminium.de\/index.php\/wp-json\/wp\/v2\/media?parent=1877"}],"curies":[{"name":"wp","href":"https:\/\/api.w.org\/{rel}","templated":true}]}}